{"id":868,"date":"2025-12-19T20:12:36","date_gmt":"2025-12-19T20:12:36","guid":{"rendered":"https:\/\/kardiodiab.pl\/?page_id=868"},"modified":"2025-12-24T08:42:24","modified_gmt":"2025-12-24T08:42:24","slug":"kardiologia","status":"publish","type":"page","link":"https:\/\/kardiodiab.pl\/index.php\/kardiologia\/","title":{"rendered":"Kardiologia"},"content":{"rendered":"\t\t<div data-elementor-type=\"wp-page\" data-elementor-id=\"868\" class=\"elementor elementor-868\">\n\t\t\t\t<div class=\"elementor-element elementor-element-cceed0d e-grid e-con-boxed e-con e-parent\" data-id=\"cceed0d\" data-element_type=\"container\" data-e-type=\"container\">\n\t\t\t\t\t<div class=\"e-con-inner\">\n\t\t\t\t<div class=\"elementor-element elementor-element-f675c6f elementor-widget elementor-widget-text-editor\" data-id=\"f675c6f\" data-element_type=\"widget\" data-e-type=\"widget\" data-widget_type=\"text-editor.default\">\n\t\t\t\t\t\t\t\t\t\n<h2 id=\"gabinet-kardiologiczny\" class=\"wp-block-heading\" style=\"text-align: right;\">GABINET KARDIOLOGICZNY<\/h2>\n<p style=\"text-align: right;\">Dr n. med. Anna \u0141ado\u015b-Krupa<br \/>specjalista chor\u00f3b wewn\u0119trznych<br \/>KARDIOLOG DIABETOLOG<\/p>\n\n<figure class=\"wp-block-image\"><img fetchpriority=\"high\" decoding=\"async\" width=\"225\" height=\"300\" class=\"wp-image-26 alignright\" src=\"https:\/\/kardiodiab.pl\/wp-content\/uploads\/2025\/08\/IMG-20250801-WA0002-225x300.jpg\" alt=\"\" srcset=\"https:\/\/kardiodiab.pl\/wp-content\/uploads\/2025\/08\/IMG-20250801-WA0002-225x300.jpg 225w, https:\/\/kardiodiab.pl\/wp-content\/uploads\/2025\/08\/IMG-20250801-WA0002-768x1024.jpg 768w, https:\/\/kardiodiab.pl\/wp-content\/uploads\/2025\/08\/IMG-20250801-WA0002-1152x1536.jpg 1152w, https:\/\/kardiodiab.pl\/wp-content\/uploads\/2025\/08\/IMG-20250801-WA0002.jpg 1200w\" sizes=\"(max-width: 225px) 100vw, 225px\" \/><\/figure>\n\n<p style=\"text-align: right;\">\u00a0<\/p>\n\n<p>\u00a0<\/p>\n\t\t\t\t\t\t\t\t<\/div>\n\t\t\t\t<div class=\"elementor-element elementor-element-0536648 elementor-widget elementor-widget-text-editor\" data-id=\"0536648\" data-element_type=\"widget\" data-e-type=\"widget\" data-widget_type=\"text-editor.default\">\n\t\t\t\t\t\t\t\t\t<h5 style=\"border-width: medium; border-style: none; font-style: normal; font-variant-caps: normal; font-family: -apple-system, BlinkMacSystemFont, 'Segoe UI', Roboto, Helvetica, Arial, sans-serif, 'Apple Color Emoji', 'Segoe UI Emoji', 'Segoe UI Symbol'; letter-spacing: normal; text-transform: none; text-decoration: none;\"><span style=\"font-family: inherit; font-size: inherit; font-style: inherit; font-variant-caps: inherit; font-weight: inherit; text-align: var(--text-align); color: #355575; letter-spacing: var(--theme-letter-spacing); text-transform: var(--theme-text-transform); text-decoration: var(--theme-text-decoration);\"><br><\/span><\/h5>\n<h5 style=\"border-width: medium; border-style: none; font-style: normal; font-variant-caps: normal; font-family: -apple-system, BlinkMacSystemFont, 'Segoe UI', Roboto, Helvetica, Arial, sans-serif, 'Apple Color Emoji', 'Segoe UI Emoji', 'Segoe UI Symbol'; letter-spacing: normal; text-transform: none; text-decoration: none;\"><span style=\"font-family: inherit; font-size: inherit; font-style: inherit; font-variant-caps: inherit; font-weight: inherit; text-align: var(--text-align); color: #355575; letter-spacing: var(--theme-letter-spacing); text-transform: var(--theme-text-transform); text-decoration: var(--theme-text-decoration);\"><br><\/span><\/h5>\n<h5 style=\"border-width: medium; border-style: none; font-style: normal; font-variant-caps: normal; font-family: -apple-system, BlinkMacSystemFont, 'Segoe UI', Roboto, Helvetica, Arial, sans-serif, 'Apple Color Emoji', 'Segoe UI Emoji', 'Segoe UI Symbol'; letter-spacing: normal; text-transform: none; text-decoration: none;\"><br><\/h5>\n<h5 style=\"border-width: medium; border-style: none; font-style: normal; font-variant-caps: normal; font-family: -apple-system, BlinkMacSystemFont, 'Segoe UI', Roboto, Helvetica, Arial, sans-serif, 'Apple Color Emoji', 'Segoe UI Emoji', 'Segoe UI Symbol'; letter-spacing: normal; text-transform: none; text-decoration: none;\"><span style=\"color: rgb(53, 85, 117); font-family: inherit; font-size: inherit; font-style: inherit; font-variant-caps: inherit; font-weight: inherit; letter-spacing: var(--theme-letter-spacing); text-align: var(--text-align); text-transform: var(--theme-text-transform);\">Diagnostyka i leczenie chor\u00f3b uk\u0142adu sercowo-naczyniowego:<\/span><br><\/h5>\n<ul style=\"border-width: medium; border-style: none; font-style: normal; font-variant-caps: normal; font-size: 16px; font-family: -apple-system, BlinkMacSystemFont, 'Segoe UI', Roboto, Helvetica, Arial, sans-serif, 'Apple Color Emoji', 'Segoe UI Emoji', 'Segoe UI Symbol';\">\n<li style=\"border-width: medium; border-style: none;\">choroba wie\u0144cowa, diagnostyka b\u00f3lu w klatce piersiowej<\/li>\n<li style=\"border-width: medium; border-style: none;\">zaburzenia rytmu serca<\/li>\n<li style=\"border-width: medium; border-style: none;\">nadci\u015bnienie t\u0119tnicze<\/li>\n<li style=\"border-width: medium; border-style: none;\">wady zastawkowe serca<\/li>\n<li style=\"border-width: medium; border-style: none;\">niewydolno\u015b\u0107 serca<\/li>\n<li>EKG&nbsp;<\/li>\n<li>24 godzinny zapis EKG &#8211; Holter EKG<\/li>\n<li>24 godzinny zapis ci\u015bnienia t\u0119tniczego &#8211; Holter RR<\/li>\n<li>USG serca, UKG, ECHO serca<\/li>\n<li>USG jamy brzusznej<\/li>\n<\/ul>\t\t\t\t\t\t\t\t<\/div>\n\t\t\t\t\t<\/div>\n\t\t\t\t<\/div>\n\t\t\t\t<\/div>\n\t\t","protected":false},"excerpt":{"rendered":"<p>GABINET KARDIOLOGICZNY Dr n. med. Anna \u0141ado\u015b-Krupaspecjalista chor\u00f3b wewn\u0119trznychKARDIOLOG DIABETOLOG \u00a0 \u00a0 Diagnostyka i leczenie chor\u00f3b uk\u0142adu sercowo-naczyniowego: choroba wie\u0144cowa, diagnostyka b\u00f3lu w klatce piersiowej zaburzenia rytmu serca nadci\u015bnienie t\u0119tnicze wady zastawkowe serca niewydolno\u015b\u0107 serca EKG&nbsp; 24 godzinny zapis EKG &#8211; Holter EKG 24 godzinny zapis ci\u015bnienia t\u0119tniczego &#8211; Holter RR USG serca, UKG, ECHO [&hellip;]<\/p>\n","protected":false},"author":1,"featured_media":0,"parent":0,"menu_order":0,"comment_status":"closed","ping_status":"closed","template":"","meta":{"_gspb_post_css":"","footnotes":""},"class_list":["post-868","page","type-page","status-publish","hentry"],"blocksy_meta":[],"_links":{"self":[{"href":"https:\/\/kardiodiab.pl\/index.php\/wp-json\/wp\/v2\/pages\/868","targetHints":{"allow":["GET"]}}],"collection":[{"href":"https:\/\/kardiodiab.pl\/index.php\/wp-json\/wp\/v2\/pages"}],"about":[{"href":"https:\/\/kardiodiab.pl\/index.php\/wp-json\/wp\/v2\/types\/page"}],"author":[{"embeddable":true,"href":"https:\/\/kardiodiab.pl\/index.php\/wp-json\/wp\/v2\/users\/1"}],"replies":[{"embeddable":true,"href":"https:\/\/kardiodiab.pl\/index.php\/wp-json\/wp\/v2\/comments?post=868"}],"version-history":[{"count":23,"href":"https:\/\/kardiodiab.pl\/index.php\/wp-json\/wp\/v2\/pages\/868\/revisions"}],"predecessor-version":[{"id":967,"href":"https:\/\/kardiodiab.pl\/index.php\/wp-json\/wp\/v2\/pages\/868\/revisions\/967"}],"wp:attachment":[{"href":"https:\/\/kardiodiab.pl\/index.php\/wp-json\/wp\/v2\/media?parent=868"}],"curies":[{"name":"wp","href":"https:\/\/api.w.org\/{rel}","templated":true}]}}